{"id":151,"date":"2025-10-06T14:57:18","date_gmt":"2025-10-06T12:57:18","guid":{"rendered":"https:\/\/e-ochronaroslin.pl\/?page_id=151"},"modified":"2025-10-17T12:59:33","modified_gmt":"2025-10-17T10:59:33","slug":"nawozy-posypowe","status":"publish","type":"page","link":"https:\/\/e-ochronaroslin.pl\/?page_id=151","title":{"rendered":"NAWOZY POSYPOWE"},"content":{"rendered":"\n<p><strong><mark style=\"background-color:rgba(0, 0, 0, 0)\" class=\"has-inline-color has-vivid-red-color\">WAPNIOWE<\/mark><\/strong><\/p>\n\n\n\n<div class=\"wp-block-media-text is-stacked-on-mobile\" style=\"grid-template-columns:15% auto\"><figure class=\"wp-block-media-text__media\"><img fetchpriority=\"high\" decoding=\"async\" width=\"600\" height=\"984\" src=\"https:\/\/e-ochronaroslin.pl\/wp-content\/uploads\/2025\/10\/antrigran-600x984-1.png\" alt=\"\" class=\"wp-image-152 size-full\"\/><\/figure><div class=\"wp-block-media-text__content\">\n<p>AtriGran PRO<\/p>\n\n\n\n<p>Wapno w\u0119glanowe granulowane<br>sk\u0142ad: 40%CaO, 8%MgO + Zn<br>producent: Nordkalk<\/p>\n\n\n\n<p><\/p>\n<\/div><\/div>\n\n\n\n<div class=\"wp-block-media-text is-stacked-on-mobile\" style=\"grid-template-columns:16% auto\"><figure class=\"wp-block-media-text__media\"><img decoding=\"async\" width=\"600\" height=\"600\" src=\"https:\/\/e-ochronaroslin.pl\/wp-content\/uploads\/2025\/10\/worek-humikal-600x600-1.jpg\" alt=\"\" class=\"wp-image-153 size-full\" srcset=\"https:\/\/e-ochronaroslin.pl\/wp-content\/uploads\/2025\/10\/worek-humikal-600x600-1.jpg 600w, https:\/\/e-ochronaroslin.pl\/wp-content\/uploads\/2025\/10\/worek-humikal-600x600-1-300x300.jpg 300w, https:\/\/e-ochronaroslin.pl\/wp-content\/uploads\/2025\/10\/worek-humikal-600x600-1-150x150.jpg 150w\" sizes=\"(max-width: 600px) 100vw, 600px\" \/><\/figure><div class=\"wp-block-media-text__content\">\n<p>Humikal<\/p>\n\n\n\n<p>HUMIKAL TO WYSOKOREAKTYWNE WAPNO KREDOWE, potocznie zwane czarn\u0105 kred\u0105 b\u0105d\u017a czarnym wapnem. Zawiera w\u0119giel organiczny naturalnego pochodzenia, kt\u00f3ry to jest sk\u0142adnikiem kwas\u00f3w organicznych (humusowych i huminowych), niezb\u0119dnych w stymulacji \u017cycia mikrobiologicznego w glebie i podnosz\u0105cych poziom pr\u00f3chnicy w warstwie korzeniowej gleby. <a href=\"https:\/\/www.procam.pl\/produkt\/humikal\/\">https:\/\/www.procam.pl\/produkt\/humikal\/<\/a><\/p>\n<\/div><\/div>\n\n\n\n<div class=\"wp-block-media-text is-stacked-on-mobile\" style=\"grid-template-columns:22% auto\"><figure class=\"wp-block-media-text__media\"><img decoding=\"async\" width=\"145\" height=\"348\" src=\"http:\/\/e-ochronaroslin.pl\/wp-content\/uploads\/2025\/10\/images.jpg\" alt=\"\" class=\"wp-image-155 size-full\"\/><\/figure><div class=\"wp-block-media-text__content\">\n<p>PHYSIOMAX 975<\/p>\n\n\n\n<p><strong>Sk\u0142ad:<\/strong><br>Kompleks PHYSIO PRO<br>wap\u0144 od\u017cywczy<br>CaCO3 76% (CaO 42,5%)<br>MgO 3%<br>CaCO3 w formie MEZOCALC<\/p>\n\n\n\n<p><a href=\"https:\/\/pl.timacagro.com\/produkty\/odzywianie-roslin\/kondycjonery-glebowe\/physiomax-975\">https:\/\/pl.timacagro.com\/produkty\/odzywianie-roslin\/kondycjonery-glebowe\/physiomax-975<\/a><\/p>\n<\/div><\/div>\n\n\n\n<p><mark style=\"background-color:rgba(0, 0, 0, 0)\" class=\"has-inline-color has-vivid-red-color\"><strong>WIELOSK\u0141ADNIKOWE BEZCHLORKOWE<\/strong><\/mark><\/p>\n\n\n\n<div class=\"wp-block-media-text is-stacked-on-mobile\" style=\"grid-template-columns:17% auto\"><figure class=\"wp-block-media-text__media\"><img loading=\"lazy\" decoding=\"async\" width=\"1024\" height=\"1024\" src=\"https:\/\/e-ochronaroslin.pl\/wp-content\/uploads\/2025\/10\/euro-1024x1024.webp\" alt=\"\" class=\"wp-image-158 size-full\" srcset=\"https:\/\/e-ochronaroslin.pl\/wp-content\/uploads\/2025\/10\/euro-1024x1024.webp 1024w, https:\/\/e-ochronaroslin.pl\/wp-content\/uploads\/2025\/10\/euro-300x300.webp 300w, https:\/\/e-ochronaroslin.pl\/wp-content\/uploads\/2025\/10\/euro-150x150.webp 150w, https:\/\/e-ochronaroslin.pl\/wp-content\/uploads\/2025\/10\/euro-768x768.webp 768w\" sizes=\"(max-width: 1024px) 100vw, 1024px\" \/><\/figure><div class=\"wp-block-media-text__content\">\n<p>EUROFERTIL 33 N-PROCESS<\/p>\n\n\n\n<p><strong>Sk\u0142ad:<\/strong><br>Kompleks N-PROCESS<br>N 8% (amonowy 5%, amidowy 3%)<br>P2O5 8%<br>K2O 17%<br>wap\u0144 od\u017cywczy<br>CaCO3 14% (CaO 8%)<br>MgO 3%<br>SO3 29%<br>B 0,15%<br>Zn 0,1%<br>CaCO3 w formie MEZOCALC<\/p>\n\n\n\n<p><a href=\"https:\/\/pl.timacagro.com\/produkty\/odzywianie-roslin\/nawozy-wieloskladnikowe\/eurofertil-33-n-process\">https:\/\/pl.timacagro.com\/produkty\/odzywianie-roslin\/nawozy-wieloskladnikowe\/eurofertil-33-n-process<\/a><\/p>\n<\/div><\/div>\n\n\n\n<div class=\"wp-block-media-text is-stacked-on-mobile\" style=\"grid-template-columns:20% auto\"><figure class=\"wp-block-media-text__media\"><img loading=\"lazy\" decoding=\"async\" width=\"800\" height=\"855\" src=\"https:\/\/e-ochronaroslin.pl\/wp-content\/uploads\/2025\/10\/20201210132445_Elixir_Supreme_worek.jpg\" alt=\"\" class=\"wp-image-159 size-full\"\/><\/figure><div class=\"wp-block-media-text__content\">\n<p>ELIXIR Supreme 12-12-17<\/p>\n\n\n\n<h3 class=\"wp-block-heading\">Sk\u0142ad:<\/h3>\n\n\n\n<figure class=\"wp-block-table\"><table class=\"has-fixed-layout\"><tbody><tr><td>Azot (N)<br>w tym azot w&nbsp;formie amonowej<\/td><td>12%<br>12%<\/td><\/tr><tr><td>Fosfor (P<sub>2<\/sub>O<sub>5<\/sub>)<br>W tym rozpuszczalny w&nbsp;wodzie i&nbsp;roztworze cytrynianu amonu.<br>W tym rozpuszczalny w&nbsp;wodzie<\/td><td>12%<br>12%<br>10,5%<\/td><\/tr><tr><td>Potas (K<sub>2<\/sub>O)<\/td><td>17%<\/td><\/tr><tr><td>Magnez (MgO)<\/td><td>2%<\/td><\/tr><tr><td>Siarka (SO<sub>3<\/sub>) (S)<\/td><td>35%<br>14%<\/td><\/tr><tr><td>Bor (B)<\/td><td>0,02%<\/td><\/tr><tr><td>Cynk (Zn)<\/td><td>0,01%<\/td><\/tr><\/tbody><\/table><\/figure>\n\n\n\n<p><a href=\"https:\/\/horti.procam.pl\/produkty-elixir-supreme-12-12-17\">https:\/\/horti.procam.pl\/produkty-elixir-supreme-12-12-17<\/a><\/p>\n<\/div><\/div>\n\n\n\n<div class=\"wp-block-media-text is-stacked-on-mobile\" style=\"grid-template-columns:15% auto\"><figure class=\"wp-block-media-text__media\"><img loading=\"lazy\" decoding=\"async\" width=\"240\" height=\"424\" src=\"https:\/\/e-ochronaroslin.pl\/wp-content\/uploads\/2025\/10\/20220211111551_bellfrutto__bag_B.png\" alt=\"\" class=\"wp-image-160 size-full\"\/><\/figure><div class=\"wp-block-media-text__content\">\n<p>Belfrutto Complex 10-5-15<\/p>\n\n\n\n<h4 class=\"wp-block-heading\">Sk\u0142ad<\/h4>\n\n\n\n<p>Azot ca\u0142kowity (N) 10%<\/p>\n\n\n\n<p>Azot organiczny (N)  1%<\/p>\n\n\n\n<p>&nbsp;&nbsp;&nbsp;&nbsp;&nbsp;Azot amonowy (N)6,2%<\/p>\n\n\n\n<p>&nbsp;&nbsp;&nbsp;&nbsp;&nbsp;Azot amidowy (N) 2,8%<\/p>\n\n\n\n<p>Pi\u0119ciotlenek fosforu (P<sub>2<\/sub>O<sub>5<\/sub>) ca\u0142kowity 5%<\/p>\n\n\n\n<p>Pi\u0119ciotlenek fosforu (P<sub>2<\/sub>O<sub>5<\/sub>) rozpuszczalny w&nbsp;cytrynianie amonu i&nbsp;wodzie 5%<\/p>\n\n\n\n<p>&nbsp;Pi\u0119ciotlenek fosforu (P<sub>2<\/sub>O<sub>5<\/sub>) rozpuszczalny w&nbsp;wodzie 3%<\/p>\n\n\n\n<p>Tlenek potasu (K\u2082O) rozpuszczalny w&nbsp;wodzie15%<\/p>\n\n\n\n<p>Tlenek magnezu (MgO) ca\u0142kowity3%<\/p>\n\n\n\n<p>&nbsp;&nbsp;&nbsp;&nbsp;Tlenek magnezu (MgO) rozpuszczalny w&nbsp;wodzie 1%<\/p>\n\n\n\n<p>Tr\u00f3jtlenek siarki (SO<sub>3<\/sub>) ca\u0142kowity14%<\/p>\n\n\n\n<p>&nbsp;&nbsp;&nbsp;&nbsp;&nbsp;&nbsp;Tr\u00f3jtlenek siarki (SO<sub>3<\/sub>) rozpuszczalny w&nbsp;wodzie 3%<\/p>\n\n\n\n<p>Bor (B) .0,05%<\/p>\n\n\n\n<p>\u017belazo (Fe) 0,50%<\/p>\n\n\n\n<p>Cynk (Zn) 0,01%<\/p>\n\n\n\n<p>W\u0119giel organiczny (C) ca\u0142kowity 7,5%<\/p>\n\n\n\n<p>&nbsp;W\u0119giel&nbsp;organiczny (C) pochodz\u0105cy z&nbsp;kwas\u00f3w huminowych i&nbsp;fulwowych 3%<\/p>\n\n\n\n<p><a href=\"https:\/\/horti.procam.pl\/produkty-belfrutto-complex-10-5-15\">https:\/\/horti.procam.pl\/produkty-belfrutto-complex-10-5-15<\/a><\/p>\n<\/div><\/div>\n\n\n\n<p><mark style=\"background-color:rgba(0, 0, 0, 0)\" class=\"has-inline-color has-vivid-red-color\"><strong>INNE NAWOZY<\/strong><\/mark><\/p>\n\n\n\n<div class=\"wp-block-media-text is-stacked-on-mobile\" style=\"grid-template-columns:15% auto\"><figure class=\"wp-block-media-text__media\"><img loading=\"lazy\" decoding=\"async\" width=\"600\" height=\"600\" src=\"https:\/\/e-ochronaroslin.pl\/wp-content\/uploads\/2025\/10\/potashplus_bigbag-copy-600x600-2.jpg\" alt=\"\" class=\"wp-image-161 size-full\" srcset=\"https:\/\/e-ochronaroslin.pl\/wp-content\/uploads\/2025\/10\/potashplus_bigbag-copy-600x600-2.jpg 600w, https:\/\/e-ochronaroslin.pl\/wp-content\/uploads\/2025\/10\/potashplus_bigbag-copy-600x600-2-300x300.jpg 300w, https:\/\/e-ochronaroslin.pl\/wp-content\/uploads\/2025\/10\/potashplus_bigbag-copy-600x600-2-150x150.jpg 150w\" sizes=\"(max-width: 600px) 100vw, 600px\" \/><\/figure><div class=\"wp-block-media-text__content\">\n<p>PotashpluS<\/p>\n\n\n\n<p>Potas, siarka, magnez, wap\u0144 i bor \u2014 wszystko w jednym.<br>Cz\u0119\u015b\u0107 potasu w formie siarczanowej.<br>Przydatny do wszystkich upraw i rodzaj\u00f3w gleby.<br>Naw\u00f3z do stosowania w rolnictwie ekologicznym.<\/p>\n\n\n\n<p><a href=\"https:\/\/www.procam.pl\/produkt\/potashplus\">https:\/\/www.procam.pl\/produkt\/potashplus<\/a><\/p>\n\n\n\n<figure class=\"wp-block-image size-full\"><img loading=\"lazy\" decoding=\"async\" width=\"520\" height=\"165\" src=\"https:\/\/e-ochronaroslin.pl\/wp-content\/uploads\/2025\/10\/image-10.png\" alt=\"\" class=\"wp-image-162\"\/><\/figure>\n<\/div><\/div>\n\n\n\n<div class=\"wp-block-media-text is-stacked-on-mobile\" style=\"grid-template-columns:15% auto\"><figure class=\"wp-block-media-text__media\"><img loading=\"lazy\" decoding=\"async\" width=\"600\" height=\"668\" src=\"https:\/\/e-ochronaroslin.pl\/wp-content\/uploads\/2025\/10\/pkplus1-copy-600x668-1.jpg\" alt=\"\" class=\"wp-image-163 size-full\"\/><\/figure><div class=\"wp-block-media-text__content\">\n<p>PKpluS 20-29<\/p>\n\n\n\n<p>PKpluS to pi\u0119ciosk\u0142adnikowy naw\u00f3z granulowany do wydajnego od\u017cywiania fosforem, potasem, magnezem, wapniem, siark\u0105.<\/p>\n\n\n\n<p>ICL PKpluS to linia granulowanych nawoz\u00f3w PK (fosforowo-potasowych) na bazie Polysulphate.<\/p>\n\n\n\n<p><a href=\"https:\/\/www.procam.pl\/produkt\/pkplus-20-29\">https:\/\/www.procam.pl\/produkt\/pkplus-20-29<\/a><\/p>\n\n\n\n<figure class=\"wp-block-image size-full\"><img loading=\"lazy\" decoding=\"async\" width=\"527\" height=\"257\" src=\"https:\/\/e-ochronaroslin.pl\/wp-content\/uploads\/2025\/10\/image-11.png\" alt=\"\" class=\"wp-image-164\"\/><\/figure>\n<\/div><\/div>\n\n\n\n<div class=\"wp-block-media-text is-stacked-on-mobile\" style=\"grid-template-columns:15% auto\"><figure class=\"wp-block-media-text__media\"><img loading=\"lazy\" decoding=\"async\" width=\"600\" height=\"600\" src=\"https:\/\/e-ochronaroslin.pl\/wp-content\/uploads\/2025\/10\/yara_mila_nk_23-10_bigbag-600x600-1.jpg\" alt=\"\" class=\"wp-image-165 size-full\" srcset=\"https:\/\/e-ochronaroslin.pl\/wp-content\/uploads\/2025\/10\/yara_mila_nk_23-10_bigbag-600x600-1.jpg 600w, https:\/\/e-ochronaroslin.pl\/wp-content\/uploads\/2025\/10\/yara_mila_nk_23-10_bigbag-600x600-1-300x300.jpg 300w, https:\/\/e-ochronaroslin.pl\/wp-content\/uploads\/2025\/10\/yara_mila_nk_23-10_bigbag-600x600-1-150x150.jpg 150w\" sizes=\"(max-width: 600px) 100vw, 600px\" \/><\/figure><div class=\"wp-block-media-text__content\">\n<p>Yara NK 23-10<\/p>\n\n\n\n<p><a href=\"https:\/\/www.procam.pl\/produkt\/yara-nk-23-10\">https:\/\/www.procam.pl\/produkt\/yara-nk-23-10<\/a><\/p>\n<\/div><\/div>\n\n\n\n<div class=\"wp-block-media-text is-stacked-on-mobile\" style=\"grid-template-columns:15% auto\"><figure class=\"wp-block-media-text__media\"><img loading=\"lazy\" decoding=\"async\" width=\"599\" height=\"403\" src=\"https:\/\/e-ochronaroslin.pl\/wp-content\/uploads\/2025\/10\/PROFOSKA-MGS.jpg\" alt=\"\" class=\"wp-image-166 size-full\"\/><\/figure><div class=\"wp-block-media-text__content\">\n<p>PROFOSKA MGS<\/p>\n\n\n\n<p>PROFOSKA MGS 20-38 &#8211; siarczan magnezu granulowany<\/p>\n\n\n\n<p><a href=\"https:\/\/www.procam.pl\/produkt\/profoska-mgs\">https:\/\/www.procam.pl\/produkt\/profoska-mgs<\/a><\/p>\n<\/div><\/div>\n\n\n\n<p>W ofercie posiadamy wiele innych nawoz\u00f3w &#8230;&#8230;&#8230;&#8230;&#8230;<\/p>\n","protected":false},"excerpt":{"rendered":"<p>WAPNIOWE AtriGran PRO Wapno w\u0119glanowe granulowanesk\u0142ad: 40%CaO, 8%MgO + Znproducent: Nordkalk Humikal HUMIKAL TO WYSOKOREAKTYWNE WAPNO KREDOWE, potocznie zwane czarn\u0105 kred\u0105 b\u0105d\u017a czarnym wapnem. Zawiera w\u0119giel organiczny naturalnego pochodzenia, kt\u00f3ry &#8230;<\/p>\n","protected":false},"author":1,"featured_media":0,"parent":0,"menu_order":0,"comment_status":"closed","ping_status":"closed","template":"","meta":{"footnotes":""},"class_list":["post-151","page","type-page","status-publish","hentry"],"_links":{"self":[{"href":"https:\/\/e-ochronaroslin.pl\/index.php?rest_route=\/wp\/v2\/pages\/151","targetHints":{"allow":["GET"]}}],"collection":[{"href":"https:\/\/e-ochronaroslin.pl\/index.php?rest_route=\/wp\/v2\/pages"}],"about":[{"href":"https:\/\/e-ochronaroslin.pl\/index.php?rest_route=\/wp\/v2\/types\/page"}],"author":[{"embeddable":true,"href":"https:\/\/e-ochronaroslin.pl\/index.php?rest_route=\/wp\/v2\/users\/1"}],"replies":[{"embeddable":true,"href":"https:\/\/e-ochronaroslin.pl\/index.php?rest_route=%2Fwp%2Fv2%2Fcomments&post=151"}],"version-history":[{"count":2,"href":"https:\/\/e-ochronaroslin.pl\/index.php?rest_route=\/wp\/v2\/pages\/151\/revisions"}],"predecessor-version":[{"id":239,"href":"https:\/\/e-ochronaroslin.pl\/index.php?rest_route=\/wp\/v2\/pages\/151\/revisions\/239"}],"wp:attachment":[{"href":"https:\/\/e-ochronaroslin.pl\/index.php?rest_route=%2Fwp%2Fv2%2Fmedia&parent=151"}],"curies":[{"name":"wp","href":"https:\/\/api.w.org\/{rel}","templated":true}]}}